alse
Let d(s) = -1 - 5 + s**2 + 34 - 15*s. Let j be d(13). Is ((-6)/j)/(-3) + 2 composite?
False
Suppose 13*h - 25*h + 23292 = 0. Suppose 5*r + h = 4*x, 3*x - 1455 = -4*r + 8*r. Is x a prime number?
False
Let i = -77 - -132. Suppose -10 = -50*n + i*n. Is (-45794)/42*(n - -4 - 5) composite?
False
Let n be 2 - (-356 + 6 + -1). Suppose 3*f - 6*f = -9. Suppose -p + 0*p - m + 349 = 0, -n = -p - f*m. Is p composite?
False
Let h = 4199 - -10832. Is h a prime number?
True
Let u(d) = -2*d**2 + 6*d - 24. Suppose 35*g - 6 = 34*g. Let l be u(g). Is (l/(-4))/5 - -2640 prime?
False
Let c = 13 + -8. Let u be 105*24/2*(-8)/(-36). Suppose 25 = -c*x, -x + u = m - 4*x. Is m a prime number?
False
Suppose 22*l - 18*l = -792. Is (-1859330)/l + 8/18 a prime number?
True
Suppose 2*q - 3616 = 5*g - 39863, -q - 21749 = -3*g. Is g a prime number?
False
Let j = -110 - -105. Let g be j - -1540 - 6/(-2). Suppose -3*u + g = -u. Is u prime?
True
Suppose -l - 4*m = -6, -4*l + 0*l = 3*m - 24. Suppose -w + 4*n + 6657 = 0, 0 = 10*w - l*w + 5*n - 26607. Is w a prime number?
True
Suppose 0 = 2*m + 7*m + 82674. Let a = -6540 - m. Let j = a - 1883. Is j a composite number?
True
Let x be (516/15)/(2/10). Suppose -2*k + 128 = -6*k + 4*b, -15 = -5*b. Let o = k + x. Is o composite?
True
Let z be (-4)/10 + (88/20 - 3). Suppose 3*j - 8 - z = 0. Suppose 0 = 4*b + 8, -b = 4*i - j*b - 9856. Is i a prime number?
False
Suppose -1237860 = 86*u - 88*u + 105302. Is u a prime number?
True
Let d(n) = 3*n - 6. Let m be d(4). Let l be m/(-15) - ((-5094)/5)/2. Let c = l - 30. Is c composite?
False
Let r be 3 + -28 + (6 - 7). Let j = 31 + r. Suppose 0*l + 3*k = 5*l - 3283, -j*k + 679 = l. Is l composite?
False
Let r be 320/(-56) + 6 - (-37)/(-7). Is (-1087)/((-2)/10*r*-1) a prime number?
True
Is (-19216)/48*(-36 - 3) prime?
False
Suppose -5*w - 5*n = -39895, -4*w - 3*n = -2*w - 15956. Let g = w + -2720. Is g a prime number?
True
Is 148955 - ((-35)/(-6) - (-64)/384) composite?
False
Suppose -3*m - 6884 - 35139 = -z, -5*z - 3*m = -210061. Suppose 2*g + 4*r = 42018, 0*g + 2*r - z = -2*g. Is g composite?
True
Let t = -285 - -464. Let r(v) = 1509 - 1511 - t*v - 118*v. Is r(-3) a composite number?
True
Suppose 0 = 3*l - 2*k - 12691961, 3*k - 4828929 = -2*l + 3632413. Is l prime?
True
Suppose 0 = 3*m - 49 - 101. Let w be -3*(-9)/(135/m). Suppose 0 = w*l - 7*l - 597. Is l a prime number?
True
Suppose 38 = 7*r + 17. Suppose -r*x + 5 = 2*x. Is (6/(-18) + x)/((-2)/(-7491)) composite?
True
Suppose -20*u + 161307 = -248833. Is u prime?
True
Suppose -4*m = -5*h + 2856, -5*h + 663 = -3*m - 2194. Suppose 2*y = 2792 - h. Let f = y - 443. Is f prime?
False
Let m = 41348 - 8661. Is m a composite number?
False
Suppose 8 = -4*z - 5*y, 9*y = -2*z + 2*y - 22. Let i(o) = 2*o. Let g be i(-1). Is z/6*g + 632 prime?
True
Let y = -1678 - -3949. Let c = 3238 - y. Is c a prime number?
True
Let v(i) = -9*i**2 + 12*i - 13. Let y be v(-10). Let u = 7704 + y. Is u a composite number?
True
Let i(r) = 73*r**2 + 5*r + 35. Let p(o) = o**3 + o**2 - 23*o - 4. Let q be p(-5). Is i(q) composite?
False
Suppose 185*i = -29*i + 46336778. Is i prime?
False
Let u be -5*(3/(-6))/((-3)/6). Is (-7)/(24808/4963 + u) a prime number?
False
Let r(h) = 519*h + 29. Let n be r(15). Let l = 3 + n. Is l prime?
True
Let d(a) = -a + 38. Let s be d(22). Is 8/s*5*(9441 + 1) prime?
False
Let z = 6691 - -348. Is z a prime number?
True
Suppose -14*r = -10*r - 1456. Suppose -4*l = 3*a - 3118, -l + a = -r - 419. Is l a composite number?
True
Is ((-41151)/22 + (-3)/6)*-13 - -6 composite?
False
Let i = -7283 + 1499. Let t = -2747 - i. Is t prime?
True
Let v = 509 + -324. Let x = -96 + v. Is x prime?
True
Let l(h) = -8*h**2 + h + 4. Let t be l(2). Let c = t + 27. Let j(s) = 69*s - 4. Is j(c) composite?
True
Let b be ((-15)/4)/5*-4 + 4286. Suppose -5*k + 7856 = -b. Is k a composite number?
True
Let a = 187 - 184. Suppose 3*j - 42511 = -2*d, -8*j + 2*d = -a*j - 70857. Is j a composite number?
True
Is 14 - (-2 - 0 - 526761) composite?
False
Suppose 39881 = -4*r + 5*w - 137760, -r - 44399 = -5*w. Let n = r + 63657. Is n a prime number?
False
Suppose -2919698 = -30*q + 27*q + z, 3*q + z = 2919712. Is q prime?
False
Let a = -9674 + 73021. Is a a prime number?
True
Suppose -5 = 2*i - 5*x, 5*x - 6 - 19 = 0. Let j be 0/2*((-25)/i)/5. Suppose j = -7*n + n + 5178. Is n composite?
False
Let v(g) = g**3 - 7*g**2 + 4*g + 11. Let j be v(6). Is j + 405 - (4 + 1 - 10) a prime number?
True
Let x be 6/21 - 13964/(-28). Let c = x + -188. Let l = c - 108. Is l a prime number?
False
Suppose 3*r = -4*v + 2*r - 1312, 4*v + 1312 = 3*r. Is (v/20)/(2/(-15)) a prime number?
False
Suppose 32 = 41*q - 37*q. Suppose 3*c - q = -2. Suppose 351 = c*k - 61. Is k a prime number?
False
Let i(o) = 53*o - 48. Let q be i(1). Suppose 4*p + 3*c - 7553 = -774, -q*c + 5098 = 3*p. Is p a prime number?
False
Let j(s) = 42*s**2 - 11*s - 107. Suppose 3*y - 43 - 11 = 2*d, -5*y = -2*d - 90. Is j(y) composite?
True
Let d = 128531 - 61092. Is d a prime number?
False
Suppose -428*j = -431*j - 3, 0 = z - 4*j - 459947. Is z a prime number?
False
Let k be ((-24)/6 - 0)/(-1). Suppose 22*z = 24*z - k. Suppose -5*m + 9537 - 3518 = 2*c, -3*m + 6017 = z*c. Is c a prime number?
False
Let r = -17 + 11. Let h be (5/15)/((-2)/r)*76. Suppose 0 = -5*s - h + 746. Is s a prime number?
False
Suppose r + 3591 = 4*p, 5*p - 738 = -4*r + 3756. Suppose -5*y + 7540 = -3*q, -5*q - 3895 + p = -2*y. Is y prime?
True
Let u be ((-4)/(-8))/(-1)*0. Suppose u = -5*j - 9*j + 12838. Suppose n - j = -5*d, -4*n + 208 = -5*d - 3410. Is n prime?
True
Let f(c) = -c**3 + 100*c**2 - 56*c - 118. Is f(72) prime?
False
Let q be -45 - -41 - (-30 + -1). Let b(l) = 2*l**3 - 22*l**2 - 71*l + 22. Is b(q) prime?
True
Let z(y) = -3*y**3 - 178*y**2 - 150*y + 785. Is z(-82) composite?
False
Suppose 27*a = 31*a - 144. Is 40/12*(-8937)/a*-2 composite?
True
Let p be 3*(-2)/(-18) - 80673/(-9). Suppose p - 2150 = 2*y. Is y composite?
False
Suppose 4*b - 234*q - 808474 = -232*q, -5*b + 2*q = -1010595. Is b prime?
True
Suppose -4*g - x = -8050, g + 4*g + 2*x = 10064. Suppose -15 = 5*q, -t + q - 230 = -g. Is t prime?
False
Let p(o) = -3*o**2 + 23*o - 17. Let b be p(7). Is (-3 - (b + -1))/(3/14163) composite?
False
Suppose -5*o + 980434 = 18*o + 3*o. Is o prime?
False
Let w = -17 - -14. Let z be 4/(-4) - 0 - w. Is 441/6 + z/4 a composite number?
True
Suppose 2 = -23*u + 24*u. Suppose 4*n = -4*o + 7852, 0*n = n - u*o - 1957. Is n composite?
True
Let t = -31 - -31. Suppose -2*m + 6*m - 22 = -2*c, t = 4*m + c - 19. Suppose -m*w + 372 + 2352 = 0. Is w a composite number?
True
Suppose 0 = 36*k - 1583143 + 399859. Is k a composite number?
False
Let p(c) = 762*c**2 + 57*c - 778. Is p(11) prime?
True
Suppose -4*d + 99654 = 2*s, -s + 5*d = s - 99645. Suppose -3*p + 9 = -3, 5*p - s = -5*c. Is c a prime number?
False
Suppose 4*n = -297 + 289. Let z(m) be the third derivative of 21*m**5/20 + m**4/8 + m**3/2 - 7*m**2. Is z(n) prime?
False
Let u be -4*(-160 - 3)*(-2)/(-4). Let b = -101 + u. Let a = b + -8. Is a a prime number?
False
Let g(s) = -158909*s - 5845. Is g(-4) composite?
True
Suppose 10*m = 6*m. Suppose -5*l + y + 1393 = m, 1599 - 481 = 4*l - 2*y. Let j = l + -87. Is j a prime number?
True
Suppose 8 = -2*o, 2*o - 8 + 30 = g. Is -4 + g/3 + 149118/18 composite?
True
Suppose 129*x - 127*x = -3*q + 767, 5*x = -5*q + 1275. Is q a composite number?
False
Let z(h) be the first derivative of -88*h**3/3 + 6*h**2 - h - 36. Let t be z(-6). Let n = t + 5696. Is n composite?
True
Suppose -2*w - 150*f + 92338 = -146*f, 0 = -2*w + 4*f + 92290. Is w a prime number?
False
Suppose -2*m = 10*c - 6*c - 8, -5*c + 7 = 4*m. Suppose -c*d = h - 896 - 97, h + d = 993. Is h prime?
False
Is 5/1 + (-91606684)/(-645) + 2/15 composite?
False
Let b(i) = -i + 6. Let k be b(10). Let n be ((-4)/(-4)*1)/((-2)/k). Is (-267)/(-12)*n*(11 - 1) a composite number?
True
Let r(z) = -36*z**3 + 17*z**2 + 3*z - 211. Is r(-17) composite?
True
Let j(l) = 202*l**3 + 6*l**2 + 2*l - 9. Let g be j(2). Suppose g = t + 58. Is t a composite number?
True
Let h = 50 + -53. Is (-1 - -2)*(4661 + h - 1) a prime number?
True
Suppose 5*c - 75 = -4*g, -2*c - 5*g + 60 = 13. Suppose c*v + 75 = -46. Let m(j) = -54*j - 13. Is m(v) composite?
True
L